 = n - 205. What are the prime factors of b?
107
Let l be (4/(-3))/((-6)/45). Suppose -l = -4*k + 2*k. List the prime factors of k.
5
Let y(p) = -20*p**3 - p + 2. Let f be y(1). Let m be (f*7 - -1)/(-1). Suppose 0 = q - 3*q + m. What are the prime factors of q?
2, 3, 11
Let s(p) = p**3 - 9*p**2 + 15*p + 27. What are the prime factors of s(12)?
3, 71
Let b = -25 - -14. Suppose -i + 36 = 5*d, 4*d = -3*i + d + 108. Let p = b + i. What are the prime factors of p?
5
Let h(n) = -n**3 - 4*n**2. Suppose 3*f = -b - 3 - 5, 2*b = 3*f + 20. Let o be h(f). Suppose o = g - 15 - 31. What are the prime factors of g?
2, 23
Let y(z) = -36*z + 2. Let n be y(-6). Suppose -5*d + n = -437. What are the prime factors of d?
131
Let c = -1 + 1. Let k(u) = u**2 - 2*u - 23. Let p(a) = -2*a**2 + a - 1. Let j(w) = -k(w) - p(w). What are the prime factors of j(c)?
2, 3
Suppose 3*p = -12, 0 = 2*c + 5*p - 3231 + 539. List the prime factors of c.
2, 3, 113
Let w = -13 - -17. Suppose -6*p + 6 = -3*p + 5*s, 0 = -2*p - 2*s + w. Suppose -t + i - 21 = -p*t, 0 = -t + 4*i + 1. What are the prime factors of t?
17
Suppose 2*q - 12 = -0*q. Let g be (-4)/q - (-2)/3. Suppose 4*r + 3*p - 8 = g, p - 16 = -0*r - 4*r. What are the prime factors of r?
5
Suppose 0 = 329*d - 324*d - 15. Let b(n) be the third derivative of n**6/120 - n**5/60 - n**4/24 - n**3/6 + n**2. What are the prime factors of b(d)?
2, 7
Suppose 2*d + 4*z = d + 372, 5*d - 3*z - 1906 = 0. Suppose -8*o + d = -3*o. What are the prime factors of o?
2, 19
Suppose 4*t - 2278 = -o - 347, 3*o = -t + 5793. What are the prime factors of o?
1931
Let s(c) = 106*c + 1. Let b be s(1). Suppose -4*j - b + 347 = 0. Suppose -3*m + m - 91 = -3*w, 0 = -2*w + 2*m + j. List the prime factors of w.
31
Let l(i) = 2*i**2 + 0*i**2 - 136*i**3 - 3*i + 3*i**2 - 3 - 6*i**2. List the prime factors of l(-1).
3, 5
Suppose -1875 = 8*s - 11203. What are the prime factors of s?
2, 11, 53
Let j(u) be the second derivative of 41*u**3/6 - 2*u**2 - 2*u. List the prime factors of j(2).
2, 3, 13
Suppose 1557 + 2367 = 2*o + 3*f, 2*o - 3928 = -2*f. List the prime factors of o.
2, 3, 41
Let l be (-3*2/6)/(1/(-4)). Suppose w + 4*w = 5*y - 295, 237 = l*y - 3*w. What are the prime factors of y?
2, 3, 5
Let v = -28 - -14. Let o be ((-3)/1*v)/(-1). Let r = 62 + o. What are the prime factors of r?
2, 5
Let x(q) = -q + 19. Let m be x(13). Let l(d) = -d**2 + 8*d - 9. Let z be l(m). List the prime factors of 51/z*1 + 1.
2, 3
Suppose -2460 = -8*f - 1044. Let t = f + -126. List the prime factors of t.
3, 17
Suppose -10*y - 2*y = 192. List the prime factors of (-5 + 180/y)*-4.
5, 13
Suppose -2*m = 2*b + 488 - 1500, 5*b = 5*m + 2510. What are the prime factors of b?
2, 3, 7
Let g = 20 - 23. Let h be g/9 - (-656)/6. Suppose -3*j = -44 - h. List the prime factors of j.
3, 17
Suppose -5*f - 3*m = 0, 4*f = m + m. Suppose f = -2*s + 7 - 3. Suppose s*l = 4*l - 32. List the prime factors of l.
2
Let l be 2/(-3)*(-12)/(-8). List the prime factors of (l + 0 + 0)*-29.
29
Suppose -2*g = -3*f + 422, 3*g = -5*f - 289 + 1024. What are the prime factors of f?
2, 3
Suppose 0 = -4*u - 5*o + 78, -o - 12 = u - 31. Let c be (29 - u)*(-14)/(-8). Suppose t - 8 = 3*h, 2*t + h - 9 = c. What are the prime factors of t?
2, 7
List the prime factors of (-2)/(-4)*(-4 - -1044).
2, 5, 13
List the prime factors of (-4)/(-6)*(-359766)/(-132).
23, 79
Let t(k) be the second derivative of -287*k**3/6 - k**2 + 3*k. List the prime factors of t(-1).
3, 5, 19
Let y(h) = 5*h + 5. Let r be y(-2). Let b = r + 7. Suppose 4*z + b*a = 234, 0 = 5*z - 3*z + 5*a - 129. What are the prime factors of z?
3, 19
Let m(l) = 52*l - 143. List the prime factors of m(14).
3, 5, 13
Let t be 33 - (-3)/(-12)*4. Let q = 52 - t. List the prime factors of q.
2, 5
Let g(t) = 3*t**2 + 4*t**2 - 2*t - 4*t**2 - 10. Let d(u) = u**3 + 5*u**2 + 3*u + 1. Let f be d(-4). What are the prime factors of g(f)?
5, 11
Let d(o) = -o**2 + 7*o - 1. Let l = 1 + 5. What are the prime factors of d(l)?
5
What are the prime factors of (-22)/((-9)/(-1575)*-7)?
2, 5, 11
Let u(s) = 3*s + 26. Let m be u(16). Suppose 7*l = 24 + m. What are the prime factors of l?
2, 7
Let y(q) = 3*q - 2. Let n(a) = -7*a + 3. Let s(k) = 2*n(k) + 5*y(k). Let w = -58 - -65. List the prime factors of s(w).
3
Suppose 2*g = 17 + 3. Suppose -4*h - 33 = -3*s, -8 - g = -3*s - h. List the prime factors of s.
7
Let f(k) = -k**2 + 13*k - 12. Let q be f(13). Let r = q - -24. Let v = 65 - r. List the prime factors of v.
53
Suppose 0 = -6*h + h + 190. Let s = h + -8. Suppose 2*b - s = 3*a, 3*b + 8*a = 4*a + 11. List the prime factors of b.
3
Suppose -3*m + 8*p - 7*p = -1667, 5*m + 4*p - 2784 = 0. List the prime factors of m.
2, 139
Suppose m = 2*x + 4 + 8, 5*m - 5*x - 80 = 0. Suppose -63 = -5*a + k + 33, 5*k - m = 0. List the prime factors of a.
2, 5
Let i(p) = -p + 1. Let o(n) = -21*n + 9. Let a(d) = -18*i(d) + 2*o(d). Let j be a(-5). What are the prime factors of (14/4)/(15/j)?
2, 7
Let h = 4 - 2. Let i(g) = 5 + 0*g + g**2 + g**3 + h - g - 6*g**2. List the prime factors of i(5).
2
Let a be 7*(-8)/(-28)*5. Let k be 3/(0 + (-3)/a). Let m = k + 28. List the prime factors of m.
2, 3
Suppose 0 = 3*j + 2*n - 1005, 3*n = 2*j - 0*n - 670. Suppose o + 4*y - 89 = 3*y, -4*o = -3*y - j. List the prime factors of o.
2, 43
Suppose 16 = 3*m + 64. Let t = m + 85. List the prime factors of t.
3, 23
Suppose -3*w + 4671 = -3*y, -3*y + y - 6218 = -4*w. List the prime factors of w.
2, 97
Let x = 75 - 73. Suppose -x*g + 686 = 5*g. What are the prime factors of g?
2, 7
Let y(n) = 12*n + 19. Let w(h) = -11*h - 19. Let g(j) = -2*w(j) - 3*y(j). What are the prime factors of g(-7)?
79
What are the prime factors of 288/5 - 0 - 16/(-40)?
2, 29
Let p(k) = -k**2 - k. Let r = 2 - 3. Let o be p(r). Suppose o = -3*b + 53 + 16. What are the prime factors of b?
23
Suppose 62*f + 130752 - 338328 = 0. What are the prime factors of f?
2, 3, 31
Let w be 6/27 - 6062/(-18). Suppose -w = -4*p - 85. List the prime factors of p.
3, 7
Let l = 48 - 46. What are the prime factors of l/((-42)/11 - -4)?
11
Let n(q) = 2*q - 8. Let z be n(6). Suppose z*l = l + 102. What are the prime factors of l?
2, 17
Suppose 1 = -3*g + 34. Let c = g + -5. Suppose -c*b + 10 = -5*b. What are the prime factors of b?
2, 5
Let s = 11 - 8. Suppose -s*t + t + 6 = 0. Let k = 7 - t. List the prime factors of k.
2
Let y = 7 + -4. Suppose -4*k + 54 = -t + y*t, -t + 2*k = -19. Suppose 3*r = 3*m + t - 128, 3*m = -r + 109. List the prime factors of m.
2, 3
Suppose -3*n + 4*h = -27, -4*h - 32 = -n - 3*n. Suppose -n*d = -482 + 87. Suppose -d - 25 = -4*k. List the prime factors of k.
2, 13
Let g = -2868 - -5656. List the prime factors of g.
2, 17, 41
Suppose 4*h = -3*r - 12, 4*r + 4*h = 7*h + 9. Suppose -3*x + 110 + 712 = r. List the prime factors of x.
2, 137
Let i(b) = -53*b + 3. List the prime factors of i(-3).
2, 3
Suppose -d - 3*d = -40. Let x(k) = k**2 - 14*k - 13. Let z be x(15). Suppose -4*p = -u + d + 6, u + z*p - 28 = 0. List the prime factors of u.
2, 3
Suppose 4 = -2*u + 3*u. Suppose -4*k = u, -6*h + 2*h + 3*k = -23. Let l(g) = 3*g + 1. List the prime factors of l(h).
2
Let u be 3 - ((-6 - (-3 + 1)) + 1). Suppose -5*h = -u*h + 97. List the prime factors of h.
97
Suppose -4*c = -13*c + 99. Let m(h) = h**3 - 9*h**2 - 6*h - 12. What are the prime factors of m(c)?
2, 41
Suppose 4*h = -4*h + 96. Let s(u) = u**2 - 3*u - 7. What are the prime factors of s(h)?
101
Let b(n) be the first derivative of n**2 + 38*n - 21. What are the prime factors of b(0)?
2, 19
Let a be ((-6)/(-4))/((-20)/(-40)). Suppose 5*j + 473 = a*z, 0*z + 5*j = 2*z - 307. List the prime factors of z.
2, 83
Let n = -41 - -56. Let t(q) = -q - 33. Let d be t(n). List the prime factors of (d/(-10))/((-33)/(-440)).
2
Let q be 9/15*(515 + 0). Suppose 0 = 2*m + b - 85 - 68, -q = -4*m + b. What are the prime factors of m?
7, 11
Let w be (3/(-2))/((-5)/710). Suppose 0 = -17*n + 20*n - w. List the prime factors of n.
71
Suppose -67 = -15*r + 83. Suppose 216 = 2*l - r. What are the prime factors of l?
113
Let u(c) = -73*c - 23. What are the prime factors of u(-5)?
2, 3, 19
Suppose 2*j - 660 = 3*c, c - 2 = -0*c. Suppose 27 = 5*w + 2. Suppose -a = 4*a + 3*o - j, 0 = w*a + 2*o - 332. What are the prime factors of a?
2, 3